*i + 4. Let x be s(-8). Calculate the highest common factor of x and r.
11
Suppose 2*d = 4*d + 70. Let w be (3 + 48)*d/(-21). Calculate the greatest common factor of 34 and w.
17
Let t be ((-4)/6)/(1/(-72)). Let r(s) = -s**3 + 112*s**2 + 22*s - 2384. Let l be r(112). What is the highest common divisor of l and t?
16
Let b(j) = -2*j + 1046. Let h be b(-26). Calculate the greatest common divisor of h and 54.
18
Let w(u) = u**3 + 17*u**2 + 16*u + 22. Let m be w(-16). Let v be ((-610)/20)/((-2)/(-4) - 1). Let l = v - 6. What is the greatest common factor of l and m?
11
Let q(n) = 16*n + 125. Let r be q(-8). Let c be (5 - 32)/r + 983. Calculate the greatest common factor of c and 31.
31
Suppose 0 = 3*d + 5*k - 107, 6*d - 150 = 2*d - 3*k. Suppose -4*p = 2*s - 6, -5*p - 3199 = 3*s - 3205. What is the highest common factor of d and p?
3
Let k(i) = -62*i + 645. Let f be k(6). Calculate the greatest common divisor of f and 28.
7
Suppose -119*t + 117*t = -12. Suppose -3*b - 17 = -107. What is the highest common factor of b and t?
6
Suppose 2*g + 6*l = 3*l - 278, -3*g - 5*l - 418 = 0. Let h be (-2431)/g - (-3)/24. Calculate the highest common factor of h and 450.
18
Suppose -52*m = -58*m + 30. Suppose -4*g + 4*a + 360 = 2*a, m*g - 4*a - 456 = 0. Let y = 65 - 43. Calculate the highest common divisor of g and y.
22
Let v be (-16)/(-4)*3 - -8. Calculate the highest common factor of 145 and v.
5
Let i = 181204 + -181189. Suppose -2*b + 2*l + 3*l - 69 = 0, 0 = l - 3. Let y be (-129)/b + (-4)/(-18). Calculate the highest common factor of i and y.
5
Let y = 2837 + -2824. Suppose i + 0*i = 143. Calculate the highest common divisor of i and y.
13
Suppose -10 = -5*h + y, 109*h - 105*h + 3*y = -11. Calculate the greatest common factor of 24 and h.
1
Let w(s) = s**2 - 3*s - 11. Let c be w(-3). Suppose q + 4*q = 2*g + c, -g = -5*q + 11. Calculate the greatest common divisor of g and 16.
4
Let w = 855 - 88. What is the highest common divisor of 65 and w?
13
Suppose -3*b + 166 = 436. Let h = -34 - b. Calculate the highest common divisor of h and 28.
28
Suppose -5*s = 40*s - 3*s - 1638. What is the highest common factor of 48 and s?
3
Let x = 410 + -274. Let v = x + -52. What is the greatest common divisor of v and 21?
21
Let b(c) = -45*c + 17. Let o be b(7). Let s = o + 559. Calculate the highest common divisor of s and 9.
9
Let a(m) = 25*m - 13*m**3 + 26*m**2 + 0*m**3 + 4*m**3 + 8*m**3 - 47*m**2 + 142. Let o be a(-22). Calculate the greatest common divisor of 456 and o.
76
Let k be (-1)/(33/(-68) - 6/(-12)). Suppose 4*v - 2*s = -396, 4*s = 5*v - 6*v - 117. Let a = k - v. What is the greatest common factor of a and 231?
33
Let o = 21963 + -21864. Let r be (-3)/9 + (-164)/(-6). What is the greatest common divisor of o and r?
9
Let g(i) = i**3 + 68*i**2 - 95*i - 1770. Let o be g(-69). Let w = -40 + 124. Calculate the greatest common factor of o and w.
12
Let y be (-2)/4 - 562/(-4). Let z be 117 - (61 - 952/(-68)). What is the highest common factor of z and y?
14
Let s be 857/9 - ((-68)/18 - -4). Let x be 22/(-10) + 3 + 209/s. What is the greatest common factor of 81 and x?
3
Let g(b) = -b**3 + 4*b**2 + b - 7. Let n be g(2). Suppose -3*c + 90 = n*c. Suppose -45 = c*s - 18*s. Calculate the highest common factor of 135 and s.
15
Let g(c) = 3*c**2 - 45*c - 52. Let l be g(17). Suppose -3*t + d + 22 = 0, -5*t + 3*d + l = -2*d. Calculate the greatest common factor of t and 32.
2
Let f(d) = 2*d**2 + 74*d + 95. Let n be f(-47). Calculate the highest common factor of n and 10.
5
Let k be (3132/(-203))/(4/(-364)). Calculate the greatest common divisor of k and 864.
108
Let y = -3505 + 7281. What is the highest common factor of y and 118?
118
Let z(s) = s**3 + 7*s**2 + s + 76. Let j be z(-8). Suppose -j*k - 14*n + 1141 = -13*n, 0 = -k - 2*n + 287. What is the highest common divisor of k and 38?
19
Suppose -316 - 53 + 54 = -7*w. Calculate the highest common divisor of 585 and w.
45
Let b(i) = 2*i**3 - 51*i**2 + 79*i - 50. Let a be b(25). Calculate the highest common divisor of a and 300.
100
Suppose 6*a - 48 = 246. Let w = a + -46. Suppose w*k = -p - 3*p + 143, 0 = -k - p + 46. Calculate the highest common factor of 164 and k.
41
Let h be 2/((-4)/6) - (-564)/(89 + -42). Calculate the highest common divisor of h and 465.
3
Let j(v) = -v**3 + v**2 + 32*v + 63. Let o(c) = -c**3 - 2*c + 2. Let h(u) = j(u) + 3*o(u). Let q be h(-3). Calculate the greatest common factor of 180 and q.
36
Let p = 87 - 42. Suppose -5*k - 3*n = -n - p, -4*n + 13 = -k. Let u = -48 + 125. Calculate the greatest common factor of k and u.
7
Suppose -387 = -5*d + 2*f, -3*f - 318 = -4*d - 0*f. What is the greatest common divisor of d and 7005?
15
Let c(o) = o + 3378 - 3722 + 19*o. Let f be c(18). Calculate the greatest common factor of 1392 and f.
16
Let c be (-1)/((-4)/24338*(-32)/(-64)). What is the highest common factor of 43 and c?
43
Suppose -26*n = 15*n - 53*n + 1716. Calculate the greatest common divisor of n and 803.
11
Let h = 11 + -8. Let y be (h + -4 + 2)*43. Calculate the highest common divisor of y and 86.
43
Let w = -4738 + 4808. Calculate the greatest common factor of 1715 and w.
35
Let h(w) = w**2 - 21*w + 37. Let r be h(21). Let x(t) = t + 138. Let l be x(10). Calculate the highest common divisor of l and r.
37
Let w be (6758/(-545))/(2/(-10)). What is the greatest common factor of w and 3286?
62
Suppose -20*x = 7*x - 54. Suppose -2*o - 2*m + 102 = -92, -5*o + x*m + 492 = 0. Calculate the greatest common factor of 126 and o.
14
Let d(l) = 253*l**2 + 88*l - 8. Let u be d(-2). What is the highest common divisor of 644 and u?
92
Let f(d) = -28*d + 414. Let n be f(13). Let g be ((-380)/7)/((-28)/98). Calculate the highest common divisor of g and n.
10
Suppose 0 = -2*w - 2*q + 46, 5*w - 314*q = -317*q + 111. What is the highest common factor of w and 1407?
21
Suppose 4*x + 1 - 16 = -5*w, -4*x - 55 = -5*w. Suppose -5*q - 41 = -111. Calculate the highest common factor of q and w.
7
Let m(q) = -q**2 + 16*q + 20. Let n be m(17). Let f = 30 + -30. Suppose 2*a - n*o - 61 = 0, -a + f*o = o - 18. What is the highest common divisor of a and 23?
23
Let p = 252 + -250. Let r be p + (-2 - -12) + -7. Calculate the greatest common divisor of 20 and r.
5
Let l be ((-2)/6)/(1 - 35/30). Let j be (-562)/(4/l)*16/(-16). Suppose 3*f - 5*a = j, -3*f + a + 125 + 176 = 0. What is the greatest common factor of f and 68?
34
Let j be ((-80)/4 + -1)*((-22)/(-6) + -5). Let b(l) = -l**3 - 3*l**2 + 4. Let o be b(-4). Calculate the greatest common divisor of j and o.
4
Let p(g) = -47*g + 62. Let x be p(11). Let i = x - -961. What is the highest common divisor of 46 and i?
46
Let l be 5/20 + 2/(40/175). Suppose -2*f = -f + i - 98, 3*i = l. Suppose 5*t + 10 = -3*d, 3*t + 2*t + 25 = 0. What is the greatest common factor of f and d?
5
Let n = -64 + 66. Let y(g) = 4*g**2 + 2*g - 9. Let f be y(n). Suppose d = 17 + 38. Calculate the greatest common factor of f and d.
11
Suppose 5*z - 1939 = -3*j + 6*z, 5*j = -5*z + 3265. Let m = -640 + j. What is the highest common factor of m and 88?
8
Suppose 10*q + 744 = 2724. What is the greatest common factor of 936 and q?
18
Let u = 206562 - 206555. Let i = -34 - -146. What is the greatest common factor of u and i?
7
Let n(z) = -6*z**2 - 2*z - 2. Let b be n(-1). Let v be ((-2)/b)/(8620/(-1725) + 5). What is the greatest common factor of 92 and v?
23
Suppose -13*x = -w - 16*x + 417, -w + 423 = -3*x. What is the highest common factor of w and 966?
42
Let v be 6 - 5/1*(17 - 16). Let t be -4*v - 7/((-49)/623). What is the greatest common factor of 136 and t?
17
Let p(i) = -123*i**2 - 6*i + 8. Let h be p(2). Let b = h + 506. Calculate the highest common factor of 4 and b.
2
Let p be 25/(-30)*2*(-2 - 727). Calculate the greatest common divisor of p and 81.
81
Let f be 388/22 + 92/253. Calculate the highest common factor of f and 3942.
18
Suppose 15*a + 2*j = 10*a + 40, 0 = j. What is the greatest common divisor of 256 and a?
8
Let s be 12424/20 - 114/95. What is the greatest common divisor of s and 70?
10
Suppose 9568 = 200*b - 177*b. What is the greatest common divisor of 936 and b?
104
Let y be (-16)/6 + 4 + 22352/12. Suppose -4*u - 5*h = -3111 - 619, 2*h - y = -2*u. What is the greatest common factor o